3/6 + 5*a**2 - 34*a. Determine u(-5).
-9
Let k = -7 - -9. Suppose -2*c + 2*n = -4 + 14, -k*n = -2. Let u(q) = q**3 + 3*q**2 - 3*q - 1. Determine u(c).
-5
Let z(t) = -2. Let h(f) = f**2 + 7*f - 25. Let a(i) = h(i) - 4*z(i). Determine a(-8).
-9
Suppose 7*z + 153 = 118. Let u(r) be the third derivative of -r**6/360 - r**5/40 - r**4/8 - r**2. Let q(n) be the second derivative of u(n). Give q(z).
7
Let x(u) = -2*u**2 - 10*u + 15. Suppose -26 = 4*s + r - 3*r, 4*s + 25 = r. Determine x(s).
3
Let r(w) = -w**2 - w + 14. Let g be 0/((-5)/(-7 + 2)). Calculate r(g).
14
Let a = -30 - -32. Let x(n) = 2*n + 3*n + a - 2*n + 0*n. Determine x(-5).
-13
Let r = 36 - 31. Let a(x) = -2*x**3 + 6 + r + 3*x**3 - 4*x + 7*x**2 - 3*x. Give a(-8).
3
Let t = 54 + -23. Let f(v) = -t*v + 65*v - 1 - 31*v. Calculate f(4).
11
Suppose -w + 5 - 2 = 0. Let d(i) = i - 7. Let y be d(w). Let x(v) = v**3 + 6*v**2 + 4*v - 4. Give x(y).
12
Let w(d) = -2*d - 9. Let c(a) = a**3 + 8*a**2 + 10*a - 7. Let q be c(-6). Suppose -4*z - 5*r - 19 = 0, -q*r - 8 = 3*z + 5. Give w(z).
3
Let d(i) = -i. Let x(j) = 2*j + 4. Let v(q) = -d(q) - x(q). What is v(-6)?
2
Let t(d) = d**2 - 13*d + 4. Let r be t(11). Let o = r - -18. Let l(f) = f**2 + f - 9. Give l(o).
-9
Let j(h) = h - 4. Suppose 10 = 2*u - 2*i - 0*i, -i = -3*u + 25. Suppose -5 = -5*f + u. Let z(g) = g**2 - 4*g + 8. Let k be z(f). Determine j(k).
1
Let o(v) = v**3 + 6*v**2 + 8*v - 6. Suppose -j + 3*a - 11 = 0, -20 = 5*j - 5*a + 15. Give o(j).
-21
Let t(p) be the second derivative of -2*p**3/3 + 4*p**2 + p - 66. What is t(9)?
-28
Let p(o) = 2*o**2 + 21*o - 28. Let j = 793 + -805. What is p(j)?
8
Let s(p) = 6*p**2 + 1 + 3 - 15 - 7*p - 5*p**2. Let v(h) = 2*h - 6. Let y be v(7). Calculate s(y).
-3
Let f(q) = q**2 - q + 5. Let x(g) = -g**2 - 4. Let s(i) = 2*i + 6. Let m be s(-2). Let h(y) = m*x(y) + 3*f(y). What is h(6)?
25
Suppose 41*y = 46*y - 55. Let a(n) = n**3 - 12*n**2 + 7*n - 12. What is a(y)?
-56
Let b(m) be the second derivative of m**4/12 + m**3 + 19*m**2/2 - 4*m + 41. What is b(-5)?
14
Let p(n) = -2*n - 1 + 4 - 2. Suppose 4*a = -16, 2*y + 5*a + 119 = 107. Determine p(y).
-7
Let r(l) = 6*l + 1. Let z be ((-42)/(-14))/((-3)/(-2)). Give r(z).
13
Suppose 5*x - 3*x = -u, -2*x = 8. Suppose u*k + 15 = 3*k. Let q(f) be the second derivative of f**4/6 + f**3/2 - f**2 + 3*f. Give q(k).
7
Let h = -21 + 13. Let m(i) = 2*i**2 + 705*i - i**2 - 697*i + 2*i**2 + 4 - 2*i**2. Give m(h).
4
Let x(l) be the second derivative of -l**4/12 + l**3/6 - 2*l**2 + 75*l. Give x(3).
-10
Let m(v) = -v**2 + 3*v + 8. Suppose j - 18 = -3*q, -3*j = 5*q - 0*j - 34. Let b be 3 - (q/15)/(1/(-9)). Calculate m(b).
-10
Let l(t) = 14*t - 14. Let z(u) = -5*u + 5. Let o(b) = -3*l(b) - 8*z(b). What is o(5)?
-8
Let o(m) = -m + 23 + 0 - 11. Let a(g) = g**2 + g - 1. Let j be a(2). Determine o(j).
7
Let o = -576 + 580. Let r(p) = 3*p - 1. What is r(o)?
11
Let t(q) be the third derivative of q**5/60 - q**4/8 + 2*q**3/3 - q**2 - 28. Let b(o) = o**2 + 6*o + 4. Let l be b(-6). Determine t(l).
8
Let k(a) = a**3 + 13*a**2 + a + 16. Let t be k(-13). Let v be (t/(-2))/(10/(-20)). Let i(o) = -6 + 3*o**2 + 2*o - 3*o**v + 6*o**3 - 4*o**3. Determine i(4).
-14
Let s(d) = -3*d + 2. Suppose 5*q = 5*u + 50, 0 = 2*q + 5*u - u + 10. Give s(q).
-13
Let l(a) be the second derivative of 1/12*a**4 - 3/20*a**5 - 1/2*a**2 + 0 + a - 1/6*a**3. Suppose 3*y - 3*d = 0, 0 = 28*y - 31*y + 5*d + 2. Calculate l(y).
4
Let h be (-1)/3 + (-50)/(-15). Let q(m) = -2*m - 7. Give q(h).
-13
Suppose 27*a = 66*a - 429. Let z(i) = -i**3 + 10*i**2 + 13*i - 3. Calculate z(a).
19
Let v(j) = -j - 4. Let i(b) = b**2 - 17*b + 3. Let r be i(17). Let q be (7/(-2))/(r/6). Let w = 1 + q. What is v(w)?
2
Let a(y) = -4 - 5 + 21 + 5*y - 7 - 4. Determine a(-1).
-4
Let d(t) = -7*t**3 + 7*t**2 + 27*t - 75. Let j(v) = 3*v**3 - 4*v**2 - 12*v + 37. Let s(n) = -2*d(n) - 5*j(n). Calculate s(6).
1
Let z(g) be the first derivative of g**2/2 + 12*g - 260. Determine z(-3).
9
Let d(g) be the third derivative of g**6/120 - g**5/10 + g**4/12 - 3*g**3/2 + 33*g**2. What is d(6)?
3
Let d(v) be the third derivative of v**5/60 + v**4/12 - v**3/2 - 324*v**2. What is d(-4)?
5
Let a(u) = -32*u - 32*u - 32*u - 32*u + 1 + 129*u. Let b be (-2)/(2 - 8/5). Let w = -8 - b. What is a(w)?
-2
Let k(q) = 5*q + 7 - q**2 + 3 - 1. Suppose -t + 30 = 5*t. Suppose -3*w = 3*z - 36 + 9, 43 = t*w + 4*z. Give k(w).
-5
Let o(n) = -16*n**3 + 2*n**3 + 9*n**3 - 9*n**2 + 6*n**3 - 12*n - 3 + 5. Calculate o(10).
-18
Let k(n) = n**3 + 4*n**2 - 5*n + 3. Let b be k(-5). Let w(h) = -4*h + b*h - 6 + 2*h. What is w(0)?
-6
Let r be (-43)/(-6) + (-4)/24. Let l(n) = 6*n**2 - 7*n - 3 - 5*n**2 + 1. Calculate l(r).
-2
Let n be 162/1863 - (-416)/(-23). Let y(v) = -v**3 - 18*v**2 - 2*v - 24. Give y(n).
12
Let s be (27/(-12) - -3)*28. Let o = s - 18. Let y(x) = x + 1. Let k(n) = 3*n + 7. Let z(d) = k(d) - 4*y(d). What is z(o)?
0
Let k(v) = 3 + 2 - 4 - 3*v**3. Let f = -2836 + 2835. What is k(f)?
4
Let c = 919 - 362. Let b(y) = 557*y + 2 - c*y - y**2. What is b(-2)?
-2
Let q(d) = -5 - d**2 + 0 + 2 - 7 - d**2 - 19*d. Give q(-9).
-1
Let o(s) be the first derivative of 2*s**3/3 + 4*s**2 - 6*s + 537. What is o(-4)?
-6
Let r = -90 + 93. Suppose -3*c = -r, -c + 2 = -2*v - 3*c. Let u(h) = -2*h**3 - 2*h**2 + 3*h + 2. Let w(p) = p**3 + 1. Let f(m) = -u(m) - w(m). Calculate f(v).
3
Let n(p) = -p**2 + 9 + 0*p**2 - 9*p + 6. Suppose -41*q - 125*q = 1826. Calculate n(q).
-7
Let p(o) = -4*o + 4. Let y(r) be the first derivative of -4*r**2 + 7*r + 33. Let l(g) = -11*p(g) + 6*y(g). Let i be (2 - 1)*(1 - 3). Calculate l(i).
6
Suppose -16 = -k - 8. Let x(h) = 5*h**3 - h**2 - 6*h**3 - 3*h - 2*h**2 + k*h**2. What is x(4)?
4
Suppose 4*l - z = 15, 0 = 7*l - 10*l + 5*z + 24. Let y(f) be the second derivative of 1/2*f**3 + 0*f**2 + 1/10*f**5 + 1/3*f**4 - l*f + 0. Determine y(-2).
-6
Let r(t) be the third derivative of -t**7/5040 + t**6/240 - 11*t**5/30 - 7*t**2. Let n(m) be the third derivative of r(m). Determine n(4).
-1
Suppose 2*l - 72 = 8*l. Let x be -5 + 1 - (-9)/l*4. Let c(h) = h + 2. What is c(x)?
-5
Let y(s) = -109 - 8*s + 4*s + 105. Determine y(-7).
24
Let k(w) = w**3 + 4*w**2 - 3*w - 3. Let d be ((-141)/6)/((-2)/4). Suppose -d = 3*h - 35. Give k(h).
9
Let d = 33 + -27. Suppose -a + 3*a - d = 0. Let l(k) = -5 + 6*k + 2*k**3 - k**a - 5*k + 7*k**2 + 5*k. Determine l(-6).
-5
Let d(o) be the second derivative of o**3/6 - 39*o. Let j = -6 + 4. Let q = 8 + j. Calculate d(q).
6
Suppose 2 = -j + 2*j. Let l(w) = w**2 - w - 4. Let z be l(-2). Let i(s) = -5*s**z + 3*s**2 + 0*s**j - 3*s. Give i(-2).
-2
Let f = -162 + 93. Let q = 74 + f. Let b(t) = t - 2. Determine b(q).
3
Let b(u) be the second derivative of u**5/20 + u**4/3 - u**3/6 - 2*u**2 + u. Suppose 20*q + 3*q + 92 = 0. What is b(q)?
0
Let d(f) = 13*f**3 - 2*f**2 + 2*f - 10. Let y(v) = -30*v**3 + 5*v**2 - 5*v + 20. Let p(b) = 7*d(b) + 3*y(b). What is p(0)?
-10
Let o(r) be the third derivative of 0 - 1/24*r**4 + 1/6*r**3 + 0*r**5 + 0*r + 1/60*r**6 + 2*r**2. What is o(1)?
2
Let n(b) be the second derivative of -b**3/6 - 7*b**2/2 - 4*b. Let f = 6 - 6. Suppose 2*c - c = f. Determine n(c).
-7
Let j = -1347 + 1351. Let q(p) be the first derivative of 1/4*p**j - p + 0*p**2 + 2/3*p**3 + 7. What is q(-2)?
-1
Let q(g) = -1 + 5*g + 3 - 16*g + 6*g + 7*g. Let b(x) be the third derivative of x**5/60 + x**4/6 - 2*x**2. Let o be b(-5). Calculate q(o).
12
Let x = -6 - -10. Let b be -5*5/(50/x). Let p(y) = -y + 1. Let c(h) = -h. Let m(s) = 2*c(s) + 2*p(s). Determine m(b).
10
Suppose -4*w + 2*h - h + 20 = 0, 2*h + 4 = -w. Let r(s) = -s**3 + 5*s**2 - 3*s + 2. What is r(w)?
6
Let r = -8 + 8. Let q = r - -5. Let o(v) = -q*v + 5 - 4 + 1 - 2*v**2 - 3*v**2 + v**3. What is o(6)?
8
Let a(j) = -3*j**2 - 21*j - 41. Let m be a(-6). Let t(s) = -s**2 - 24*s - 25. Calculate t(m).
-2
Let j(y) = -2*y**2 - 16*y + 5. Let o be j(-8). Let r be 8/o*(-20)/8. Let i(t) = -t**3 - 3*t**2 + 6*t + 5. Determine i(r).
-3
Let b(h) = -4*h**2 + 4*h**2 + 2*h**2. Let i be b(1). Let v(u) = -u + 7 - i + 0*u + 0*u. Determine v(0).
5
Let i = 4 - 2. Let j(g) = 2*g - 4*g**i + 3*g**2 - 4 + 4*g**2. Suppose 0 = -29*d - 14*d - 129. Determine j(d).
17
Let z(u) = -u**2 - 5*u + 1. Let x = 24 - 29. Let p = x + 1. Calculate z(p).
5
Let t(o) be